highest common factor of 77 and q.
7
Let l = -14 - -27. Suppose c + 2*x - 250 = -4*c, 3*c + 4*x = 136. Calculate the highest common divisor of l and c.
13
Let k be (20/(-15))/((-2)/264). Calculate the greatest common factor of 22 and k.
22
Let q(a) = -a**3 - 16*a**2 - 3*a - 20. Let w be q(-16). Let p be w/(-5)*20/(-8). What is the highest common divisor of p and 21?
7
Suppose 17*w + 40 = 21*w. What is the highest common factor of 45 and w?
5
Let n(y) = -8*y - 7. Let s be n(-2). Calculate the highest common divisor of s and 18.
9
Let d(l) = l**2 + l + 70. Suppose -1 - 1 = -w - 2*t, 2*w = -3*t + 3. Let c be d(w). Calculate the highest common factor of 10 and c.
10
Let o be 9/2*-3*-4. Suppose -3*b + o = -2*b. Let s(j) = -j**2 + 7*j - 4. Let c be s(5). What is the greatest common factor of b and c?
6
Let g = -6 - -51. Calculate the highest common divisor of g and 5.
5
Let j(p) = -p + 6. Let i be j(6). Suppose -4*t + 3*h - 92 = h, -4*t - 4*h - 68 = i. Let y be (5*-1)/(1/t). What is the highest common factor of y and 21?
21
Let i be (1 - (0 - 1)) + 1. Suppose -i*w + 7*w - 2*y - 26 = 0, -5*y - 9 = -2*w. What is the greatest common factor of w and 7?
7
Let m = -9 - -21. Suppose 3*l - 3 = 2*l. What is the greatest common divisor of l and m?
3
Let x(q) = q**3 + 6*q**2 - 2*q - 3. Let k be x(-6). Suppose 7*y - 72 = 3*y. Calculate the greatest common divisor of k and y.
9
Let g(d) = -2*d + 10. Let w be g(8). Suppose -3*r - 2*r + 115 = -5*v, 0 = 5*v + 2*r + 108. Let n = w - v. What is the highest common divisor of 4 and n?
4
Let x be -1*(0 + (1 - 0))*-11. What is the highest common divisor of 22 and x?
11
Suppose -13 = 2*b - 3. Let s(y) = -10*y - 5. Let w be s(b). Let p = 46 + -16. What is the highest common factor of p and w?
15
Suppose -4*w = -x + 13, -3*x = -4*w - 21 - 2. Suppose -2*r + x*r + 87 = 0. Let o be r/(-2) + (-1)/(-2). Calculate the highest common factor of 45 and o.
15
Let x(p) = -p**3 + 6*p**2 + p + 5. Let n be x(6). Let s be (-33)/((-3)/(n + -2)). What is the greatest common divisor of 11 and s?
11
Suppose 7*z + 69 = 104. What is the greatest common divisor of z and 115?
5
Suppose -2*r = -14*r + 1428. What is the greatest common divisor of r and 17?
17
Suppose -4*h - 15 = h. Let i(a) = -5*a**3 - 5*a**2 - a + 3. Let r be i(h). What is the greatest common factor of r and 12?
12
Let z(t) = -8*t - 7. Let h(i) = -9*i - 6. Let f be 96/44 - (-2)/(-11). Let l(v) = f*z(v) - 3*h(v). Let o be l(4). What is the highest common divisor of o and 6?
6
Suppose 10*a - 16 = 6*a. Suppose 144 = -0*p + a*p. Calculate the highest common factor of p and 24.
12
Let f(x) = 5*x**2 - 2. Let l be f(-2). Let t(n) = 2*n**2 - 8*n + 3. Let h be t(6). What is the highest common factor of h and l?
9
Let m(j) = 7*j + 9. Let r be m(-7). Let x = r - -58. Calculate the highest common divisor of 12 and x.
6
Let l(i) = -35*i + 2 + 0 + 11*i. Let n be l(-4). Let o(t) = -t**2 + 9*t - 4. Let w be o(6). Calculate the highest common factor of n and w.
14
Suppose -2 = -a + 7. What is the greatest common divisor of 72 and a?
9
Let j = 26 + -12. What is the highest common factor of 112 and j?
14
Let o be (7 + -7)/(2/(-2)). Suppose l + 0*l - 2 = o. Calculate the highest common factor of 22 and l.
2
Let y = 168 + -243. Let c be y/(-9) - 3/9. Calculate the highest common factor of c and 20.
4
Suppose -3*q + 43 = 109. Let m be (0 + -1)/(-1) - q. What is the highest common divisor of 69 and m?
23
Let z = -1 - -1. Let s(k) = -3*k + 4 - 2*k + z*k + k**2. Let n be s(5). Calculate the greatest common divisor of 44 and n.
4
Suppose 5*n + 3*j + 6 = 1, 3*n - 2*j = 16. Suppose n*c = -o + 35, -c = 2*c - 4*o - 80. Calculate the greatest common divisor of 50 and c.
10
Let f be -54*((-2)/4 + 0). What is the greatest common divisor of 9 and f?
9
Suppose -3*z = -4*z + 60. Suppose 0 = -4*b + x + 155, b = 3*x + 19 + 6. Calculate the highest common factor of b and z.
20
Suppose -3*g + 699 = -36. What is the highest common divisor of 35 and g?
35
Let v = -4 + 9. Suppose 4*d + 28 = -3*x, 38 = -0*d - v*d - 3*x. Let h be ((-16)/d)/((-1)/(-5)). What is the highest common factor of 1 and h?
1
Let v = 14 + -31. Let m = -4 - v. Calculate the highest common factor of 117 and m.
13
Suppose -5*c + 2*w = -131, 7*c - 5*w = 4*c + 71. Calculate the highest common divisor of c and 81.
27
Let p(k) = -3*k**2 - 5 + 7*k**2 - 3*k**2 + 7*k. Let v be p(-8). Let s be (36/(-2))/(v - 5). What is the highest common factor of 81 and s?
9
Suppose 4*i = -i + 50. What is the highest common factor of 10 and i?
10
Let g be 1/((4/4)/(-2)). Let x be 2/g + (-45)/(-3). Calculate the greatest common divisor of x and 7.
7
Suppose m - 2 = 9. Calculate the highest common factor of m and 77.
11
Let k be 2 + 6*2/3. Calculate the greatest common factor of k and 6.
6
Let w(x) be the first derivative of 23*x**2/2 - 3*x - 1. Let i be 5*(2 - (-1 + 2)). Let j be w(i). What is the greatest common divisor of j and 14?
14
Let h(q) = q - 2. Let b be h(5). Calculate the greatest common factor of 27 and b.
3
Suppose -2*n = -4*n - y + 65, -2*y = -n + 20. Calculate the greatest common divisor of n and 60.
30
Let c(b) = 8*b**2 - 2*b - 4. Let f be c(-4). Suppose -4*x = -f - 264. Suppose 5*d - 2*d - 27 = 0. What is the greatest common factor of x and d?
9
Let k(n) = -2*n + 11. Let m be k(0). What is the greatest common divisor of m and 22?
11
Let t(k) = -8*k - 2. Suppose 0*u - 2*u - 10 = 0. Let l be t(u). Let f be (12/54 - (-58)/(-18)) + 22. Calculate the highest common divisor of f and l.
19
Suppose 3*k = 3*p + 45, p + 2*p - 5*k = -53. Let d = -7 - p. Suppose 3*w - u - 225 = -w, 164 = 3*w + d*u. What is the greatest common factor of 7 and w?
7
Let j = -1 + 6. Suppose 0 = 5*r + 2*a + 44, r + 3*a = 4*r + 39. Let i be 3/15 - 348/r. Calculate the highest common factor of j and i.
5
Let a = 12 - 1. Let k = 94 - 6. Calculate the highest common factor of k and a.
11
Let w(s) = -s**3 - 13*s**2 + 13*s - 1. Let m be w(-14). Let h(g) = 7*g + 3. Let u be h(7). What is the highest common factor of m and u?
13
Let z(t) = -t**3 - 6*t**2 - 6*t + 3. Let m be z(-5). Let y be 124/30 + 14/(-105). Calculate the greatest common factor of m and y.
4
Let u be ((-18)/(-15))/((-9)/(-30)). What is the greatest common factor of u and 16?
4
Let x be 8/(-5) + 2/(-5). Let f be (x + 14)/(4/10). What is the highest common divisor of f and 20?
10
Let c be ((-16)/(-4) - 3)*-22. Let b = -10 - c. What is the greatest common factor of 18 and b?
6
Suppose 0 = 4*i - i - 4*c - 29, 15 = i + 4*c. Let x(l) = 2 - 4*l + 11*l + 8*l. Let u be x(5). Calculate the greatest common divisor of u and i.
11
Suppose 9 + 0 = 3*x. Suppose -x*w = -0*w - 66. What is the highest common divisor of w and 33?
11
Let m be ((-64)/(-20))/(2/25). What is the greatest common divisor of 60 and m?
20
Let x be (-5 + 2)*1*-6. Let q be 2 - (-5)/(10/(-14)). Let j = 7 - q. What is the greatest common divisor of x and j?
6
Suppose -l + 4*y = 15, 5*l - y = 2 - 1. Calculate the greatest common divisor of l and 3.
1
Let u = -170 - -291. Calculate the greatest common divisor of u and 11.
11
Suppose 8 + 22 = 5*v. Let r be (v/4)/(3/6). Calculate the highest common factor of 33 and r.
3
Let v = 891 - 555. What is the highest common divisor of 12 and v?
12
Suppose 0 = g + 6*g - 210. Let t(m) = 9*m + 2. Let z be t(2). Calculate the highest common divisor of g and z.
10
Suppose 3*b - 5*p + 9 = -0*b, 4*b - 2*p = 2. Let x = -7 + 2. Let v(h) = -h**2 - 7*h - 2. Let r be v(x). Calculate the greatest common divisor of b and r.
2
Let u(l) = -l**3 - 5*l**2 + 5*l - 2. Let m be u(-6). Suppose 112 = 3*a + a. What is the highest common factor of a and m?
4
Let w = 1 - -3. Suppose f - 13 = -0*f - 5*p, -f - w*p + 14 = 0. Let i be 3/(-9) + (-652)/(-12). What is the highest common divisor of f and i?
18
Let n be 3 - 6/(9/(-3)). Let u(b) = b**3 - 5*b**2 + 3*b - 1. Let t be u(n). What is the highest common factor of t and 70?
14
Let u be (-2)/4*(-81 + 1). Suppose 32 + u = 3*h. Calculate the highest common factor of h and 3.
3
Let f = 116 - 28. Calculate the highest common factor of f and 8.
8
Let m be 4/14 - (-4)/(-14). Suppose -2*a + s + 0*s + 149 = m, -3*a + 231 = -3*s. What is the highest common divisor of a and 18?
18
Suppose 4*f - 145 = -f. What is the highest co